) = o**3 + 5*o**2 + 2*o + 1. Calculate the remainder when x is divided by i(-3).
12
Suppose 13*d - 219 = 10*d. What is the remainder when d is divided by 15?
13
Suppose 3*i + 5*a - 23 = 20, i - 5*a + 19 = 0. Let s be (-4)/6*(-18)/4. Suppose s = -2*c + 23. Calculate the remainder when c is divided by i.
4
Let d(l) = -l**2 - 3*l - 4. Let r be d(-4). Calculate the remainder when (-6)/r - 525/(-20) is divided by 14.
13
Suppose 5*p - 4*l - 252 + 57 = 0, 5*p - 195 = l. Calculate the remainder when 112 is divided by p.
34
Let q be ((-14)/(-2) + 4)*2. Suppose -n - q = -77. What is the remainder when n is divided by 29?
26
Suppose 16*x + 492 = 20*x. Calculate the remainder when x is divided by 2/(-9) - (-281)/9.
30
Suppose 0 = m - 15. Let r = m - 4. Let j = 3 - -1. What is the remainder when r is divided by j?
3
Let t(q) = 6*q - 19. What is the remainder when t(8) is divided by 16?
13
Let q be (-4)/(-22) - (-92)/(-22). Let s = 1 - q. What is the remainder when 8 is divided by 3/(-15) + 16/s?
2
Let g = 41 - 24. What is the remainder when 54 is divided by (6 - 3)/(-1) + g?
12
Let a(z) = -z**3 - 7*z**2 - 7*z + 5. Suppose 3*c = -5*m - 28, -2*c = 4*m + 7 + 13. What is the remainder when a(c) is divided by 7?
4
Let l(i) = 17*i**2 + i - 4. Let y be l(-3). Suppose -5*m + 551 = y. What is the remainder when m is divided by 21?
18
Suppose 0 = -0*w + 3*w - 45. Calculate the remainder when 29 is divided by w.
14
Suppose -31 - 14 = -3*t. What is the remainder when 41 is divided by t?
11
Suppose 22 = -0*n + n. Suppose -a + 16 = -n. Calculate the remainder when a is divided by 13.
12
Let q = 40 - 29. Calculate the remainder when 53 is divided by q.
9
Let h be (-3 - 0) + -11 + 0. What is the remainder when 17 is divided by (-24)/h*(-14)/(-4)?
5
Let o(y) = -y**3 + 10*y**2 - 6*y + 12. Let a be o(9). Suppose -3*s + 33 = -3*z, -4*s + 6*z = z - a. Calculate the remainder when 31 is divided by s.
15
Let g = -7 + 39. What is the remainder when 125 is divided by g?
29
Let a(o) be the third derivative of -o**5/60 - 11*o**4/24 - 5*o**3/6 + o**2. Calculate the remainder when 37 is divided by a(-9).
11
Let u = 188 + -110. What is the remainder when u is divided by 21?
15
Let s = 200 + -124. What is the remainder when s is divided by 16?
12
Let i = -100 + 144. Calculate the remainder when i is divided by 2/1*120/16.
14
Let d = 30 + 47. Let p = d - 41. Calculate the remainder when p is divided by 19.
17
Calculate the remainder when 20 is divided by 1/((-33)/36 - -1).
8
Suppose 7*t = 4*t. Suppose t*n + 5*n - 10 = 0. Suppose q + 5*v = n*v - 9, -20 = 4*v. Calculate the remainder when 11 is divided by q.
5
Let a(g) = -g + 4. Calculate the remainder when 26 is divided by a(-10).
12
Suppose 0*l + 2*l + 2*c = 46, 3*l - 49 = 2*c. Let d(v) = 3*v - 1. Calculate the remainder when l is divided by d(4).
8
Let d(f) = f + 11. Suppose 0 = c + c. Let v be ((0 + c)/2)/(-2). What is the remainder when 31 is divided by d(v)?
9
Let x = 9 - -30. What is the remainder when 115 is divided by x?
37
Let k(g) = -g**3 - g**2 + 115. What is the remainder when k(0) is divided by 29?
28
Let a = 3 - 1. Let b(c) = 0*c**2 + 0*c + 9*c + 4 + c**a + 5. Calculate the remainder when 16 is divided by b(-9).
7
Let y(h) = h + 4. Let l be y(-4). Suppose 0*c + 16 = p - c, l = -3*p + 4*c + 53. What is the remainder when 124/6 + 2/(-3) is divided by p?
9
Let b(n) = -6*n**3 - 19*n**2 - 25*n + 40. Let y(u) = -u**3 - 4*u**2 - 5*u + 8. Let s(x) = -2*b(x) + 11*y(x). Calculate the remainder when 43 is divided by s(7).
21
Suppose -2*t + 4*d = -24, 0*t + 34 = 3*t - 5*d. Let o = -34 + 65. What is the remainder when o is divided by t?
7
Let q(b) = -b**2 - 7*b + 4. Let o(c) = -2*c**2 - 3*c + 3. Let a be o(-3). Suppose -70 = -3*r + 14. Calculate the remainder when r is divided by q(a).
8
Suppose -4*d + 49 = -31. Calculate the remainder when 77 is divided by d.
17
Suppose 5*z - 15 = 80. Calculate the remainder when 36 is divided by z.
17
Suppose r = -4 + 7. Suppose -r*i = 3*v - 54, -3*i + v = i - 97. What is the remainder when i is divided by (7 + 5)/((-6)/(-4))?
7
Suppose 0 = -4*m + g + 2*g + 83, 3*m + 2*g - 41 = 0. Calculate the remainder when m is divided by 5.
2
Suppose -4*t = -3 - 5, 5*t - 85 = -5*k. What is the remainder when k is divided by 8?
7
Let o(a) = -a**3 + 5*a**2 + 2. Let z be o(5). Suppose z = -m, 6*m - 2*m + 44 = 4*t. Let h(k) = 4*k - 38. Calculate the remainder when h(18) is divided by t.
7
Let w(c) be the third derivative of -c**6/120 - c**5/20 + 5*c**4/24 + c**3/2 + 4*c**2. What is the remainder when w(-5) is divided by 10?
8
Let i be (-2)/(-3) + 12/9. Suppose 24 = 2*o + 2*m + i*m, o = -4*m + 2. What is the remainder when 41 is divided by o?
19
Let o = 104 + -98. Let u(i) be the third derivative of i**5/15 - i**4/12 - i**3/6 + i**2. Calculate the remainder when u(2) is divided by o.
5
Suppose n - 1 = -0. Let t = n + 7. Calculate the remainder when 15 is divided by t.
7
Calculate the remainder when (14 - 13)/((-1)/(-76)) is divided by 13.
11
Let r(i) = 4*i**2 + 4*i + 3. Let y(c) = 15*c**2 - 1. Suppose 0 = -5*o - 3 - 2. What is the remainder when r(-3) is divided by y(o)?
13
Suppose 4*h = -8 + 104. Suppose -3*q + 92 = -q. Calculate the remainder when q is divided by h.
22
Let o = -2 + 7. Calculate the remainder when 8/30*5*6/1 is divided by o.
3
Suppose -39 = -3*g - i - 3*i, 0 = -5*g - 3*i + 65. Suppose 0 = v - g + 2. Calculate the remainder when 30 is divided by v.
8
Let d = 48 - 33. What is the remainder when 43 is divided by d?
13
Suppose 30*v = 27*v + 48. Calculate the remainder when 60 is divided by v.
12
Suppose -2*m + 14 = -4. What is the remainder when m is divided by 5?
4
Suppose 13 = -2*r - 1. Suppose -4*d + 59 = -89. Calculate the remainder when d is divided by 131/7 - 2/r.
18
Let x be 2/4 - (-2)/(-4). Suppose -6*g + 3*g + 156 = x. Suppose 0 = -4*n, 0*n - 3*n = 2*c - g. What is the remainder when c is divided by 9?
8
Let f = 127 + -65. Calculate the remainder when f is divided by 16.
14
Suppose 7*n - 1 = 20. Calculate the remainder when 6 is divided by n.
0
Suppose -f = -b - 21, 2*b - 4*b + 30 = 2*f. What is the remainder when f is divided by 7?
4
Let c(m) = -m**2 - 12*m + 14. Let j be c(-12). Let s = -2 + j. What is the remainder when 33 is divided by s?
9
Let u = -17 - -31. What is the remainder when 39 is divided by u?
11
Suppose -7*f + 32 = -227. What is the remainder when 47 is divided by f?
10
Suppose v - 3*v + 10 = 0, o = v - 5. Suppose o = 5*f - 8*b + 5*b - 111, -3*f - 3*b = -57. What is the remainder when 82 is divided by f?
19
Suppose 0 = -7*w + 4*w + 57. Calculate the remainder when 55 is divided by w.
17
Let x(s) = s**2 - 3*s - 6. Suppose 43 = 2*g - p, p - 4*p + 102 = 5*g. What is the remainder when g is divided by x(6)?
9
Suppose 4*l + w - 500 = 0, -2*l - w + 122 = -l. Suppose 2*n = 5*b - 241, 0*b - 5*n = 3*b - l. What is the remainder when b is divided by 16?
15
Let y = -14 - -30. Calculate the remainder when 30 is divided by y.
14
Let b = -20 + 37. Calculate the remainder when 50 is divided by b.
16
Let x(u) = u**3 - 8*u**2 - u + 2. Let f be x(8). Suppose 3*r = 35 - 2. Calculate the remainder when (-172)/6*f/4 is divided by r.
10
Let n(c) = -c**3 - 13*c**2 - 14*c + 9. Let a be n(-12). Let w = a + -22. What is the remainder when w is divided by 7?
4
Let w = 90 + -41. What is the remainder when w is divided by 21?
7
Let p = 11 - 8. What is the remainder when ((-4)/6)/(p/(-117)) is divided by 9?
8
Calculate the remainder when (128/(-20) - -6) + (-57)/(-5) is divided by 4.
3
What is the remainder when 10/(-2)*(-44)/40*4 is divided by 6?
4
Let p(m) = 16*m - 6. Calculate the remainder when 102 is divided by p(2).
24
Let x(o) = 2*o - 8. Let w be x(6). Suppose -w = a - 3*a. Suppose -13 = -n + a*b + b, -29 = -3*n - b. What is the remainder when 28 is divided by n?
8
Let x(r) = -r**2 - 7*r - 6. Suppose n - 4*l - 1 = -5, 2*l = 3*n - 8. What is the remainder when x(-4) is divided by n?
2
Let j be (-560)/(-12) - (-4)/(-6). Let s be (j/(-4))/(2/72). Calculate the remainder when 4/10 + s/(-15) is divided by 10.
8
Let a be (-26)/(-8) - 9/36. Suppose 2*f = a*f - 4. Suppose -5*v - 8 + 3 = -5*n, 16 = f*n - v. What is the remainder when n is divided by 4?
1
Let i(l) = l**3 + 3*l**2 - 3*l - 3. Let r be i(-5). L